 8. Let m be u(-3). Calculate the greatest common divisor of m and 11.
11
Let i(u) = 2*u**2 - 8*u + 4. Let f be i(6). Calculate the greatest common divisor of 14 and f.
14
Let t(a) = a**3 - 3*a**2 + 4*a - 2. Let h be t(2). Suppose 16 = -5*k - 4. Let z be (-2)/k*0 + 22. Calculate the highest common factor of h and z.
2
Let i(q) = q**2 + 5*q - 8. Let h = -15 - -7. Let l be i(h). Calculate the greatest common factor of 160 and l.
16
Let p = 22 - 15. Suppose 3 - p = c. Let x = -1 - c. What is the greatest common factor of 2 and x?
1
Let r = 149 - 100. Suppose -12*z = 2*z - 98. What is the greatest common factor of r and z?
7
Let l(w) = -17*w + 8. Let n = 36 + -26. Let h = n - 16. Let u be l(h). Calculate the highest common factor of u and 10.
10
Suppose -99 = 6*v - 327. What is the highest common divisor of v and 19?
19
Let m be 12/(-36)*(0 - 138). Suppose 0 = 3*s - m - 26. What is the highest common divisor of 3 and s?
3
Let f = -23 - -37. Let j = -9 + f. Suppose -4 = q - 5*s, -j*s = -4*q - 10 + 54. What is the greatest common divisor of 128 and q?
16
Let k(y) = 3*y - 2. Let z be k(1). What is the highest common divisor of 7 and z?
1
Let i(p) = p**3 - 9*p**2 + 7*p + 8. Let w be i(8). Suppose w*h + h - 19 = 0. Let c be (57/(-4))/(15/(-160)). What is the greatest common factor of h and c?
19
Let w be (-4)/18 + (-4)/(-18). Let d be 0 + w + (12 - 2). Let y = d - 9. What is the highest common divisor of y and 3?
1
Suppose 2*m + 10 = 4*o, -3*o + 3*m + 13 = 2*o. Suppose o*w - 4*w + 106 = j, -2*w - 4 = 0. Calculate the highest common divisor of 22 and j.
22
Let l = -6 - -4. Let m be 628/20 + l/5. Suppose -7 = 3*j - m. Calculate the highest common factor of j and 40.
8
Let x(a) = 4*a**3 - a**2 + a + 1. Let t be x(-1). Let r = -3 - t. What is the highest common divisor of 10 and r?
2
Suppose 0 = -2*h - 4*m + 44, h - 6 - 13 = -m. Suppose d = 22 + 42. What is the greatest common divisor of d and h?
16
Let r be (8 + (-1 - -3))/2. Suppose -25 = -5*w - r*s, w + 0 + 1 = -3*s. What is the highest common divisor of w and 32?
8
Let d(g) = g**3 - 15*g**2 + 5*g + 5. Let i be d(15). What is the greatest common factor of 30 and i?
10
Let y be 40/3 - (-2)/3. Suppose 0 = -3*b, 5*t - 3*b - y = 6. Let a(w) = -w**2 + 6*w - 5. Let u be a(t). Calculate the greatest common divisor of u and 2.
1
Let f(t) be the third derivative of t**4/12 + 5*t**3/6 - t**2. Let d be f(4). What is the greatest common divisor of 143 and d?
13
Let m be 0 - (11/(-1))/1. Suppose -3*k + 6*y + 43 = 4*y, 3*k = -2*y + 23. Calculate the highest common divisor of m and k.
11
Suppose -4*m + 2*y + 34 = 0, 2*m - 2*y = -6*y + 12. Calculate the highest common factor of m and 8.
8
Let l(p) = -p**2 - 12*p + 10. Let a be l(-8). What is the highest common divisor of a and 7?
7
Let y be (-220)/(-18) - 2/9. What is the greatest common factor of y and 132?
12
Let y = -99 + 154. Let h(v) = v + 11. Let o be h(5). Let l = 38 - o. What is the highest common factor of y and l?
11
Suppose a - 14 = -6. Let p(s) = -s**2 + 3*s + 8. Let b be p(4). What is the highest common divisor of b and a?
4
Let c = -21 + 23. Let p be (27 - c) + (0 - 3). Calculate the greatest common factor of 22 and p.
22
Let j(l) be the second derivative of -l**4/12 - 4*l**3/3 - 9*l**2/2 - l. Let c be j(-6). What is the highest common divisor of 15 and c?
3
Suppose 3*d - 3*s = 30, 8 + 23 = 3*d - 4*s. What is the highest common factor of d and 72?
9
Let j(k) be the first derivative of -k**2/2 + 8*k - 4. Let x be j(0). Calculate the greatest common factor of x and 2.
2
Suppose 2*x - 6 = 2. Calculate the greatest common factor of 20 and x.
4
Let c = 3 - 4. Let i(l) = -34*l**3 + 2*l**2 + 2*l + 1. Let a be i(c). Let v = a - 0. Calculate the highest common divisor of v and 14.
7
Let m(f) = -2*f + 12. Let b be m(-9). What is the greatest common factor of 120 and b?
30
Suppose -4*n + 2*w = 4*w - 68, 5*n - 96 = 3*w. Suppose 16 = -3*r + 43. Calculate the greatest common factor of r and n.
9
Let c = 42 + -22. What is the highest common factor of 5 and c?
5
Suppose 13*j = 3*j + 120. What is the highest common factor of 12 and j?
12
Suppose -m - 16 = -3*p - 6, 0 = 3*m - 15. What is the highest common factor of p and 10?
5
Suppose -j = c + 3*j - 68, 0 = 2*j - 2. What is the greatest common divisor of 8 and c?
8
Suppose 0 = -8*d + 127 + 73. What is the greatest common factor of d and 25?
25
Let x = 0 - -24. What is the greatest common divisor of x and 60?
12
Let m(u) = 2*u**3 - u - 2. Let j = 10 - 8. Let i be m(j). What is the highest common divisor of 24 and i?
12
Let u(i) = -i**2 + 4*i + 3. Let x be u(4). Suppose 52 = x*f + b, -38 = 3*f - 5*f + b. Calculate the highest common factor of 144 and f.
18
Suppose -13 - 3 = -4*j. Let d = 5 - j. What is the highest common factor of d and 3?
1
Let r be 1 + (1 - (-2 + 3)). Let x = 35 + r. Suppose -9 = -5*p + x. What is the highest common divisor of p and 45?
9
Let t(q) = q - 1. Let m(v) = -v**2 - 5*v. Let g be m(-4). Let n be t(g). Suppose -2*b + 7 = -n. What is the highest common divisor of b and 35?
5
Let b(k) = k. Let r be b(-11). Let l = 3 - r. Let w(z) = -8*z + 3. Let a be w(-4). Calculate the highest common divisor of a and l.
7
Let u be 2 - (-12 - (-4 - 0)). Suppose h - u = 7. Let p be (-100)/(-6) + 1/3. Calculate the highest common divisor of p and h.
17
Let j be (-174)/(-8) + (-2)/(-8). Let a be 3*((-2)/6 - -4). What is the highest common divisor of a and j?
11
Let q = -68 - -134. Calculate the greatest common divisor of q and 44.
22
Let f be (48/(-5))/(2/(-15)). What is the greatest common factor of f and 24?
24
Let u(d) = 11*d**2 - 2*d. Let v be u(-2). Suppose -4*n = 5*m - v - 8, -5*m + n = -61. Calculate the highest common divisor of m and 6.
6
Let g(w) = 2*w**2 - 6*w - 4. Let l be g(5). Let i(m) = -2 - m - 2*m + 3*m**2 + 4*m + 8*m**2. Let r be i(-2). What is the highest common divisor of l and r?
8
Let u(j) = j**3 + 2*j**2 + j. Let k be u(5). Let l = -6 - -26. Calculate the highest common factor of l and k.
20
Let r = 30 - 11. What is the greatest common divisor of r and 209?
19
Let z be (-12)/(-2)*(3 - 0). Let q = 38 - z. What is the highest common divisor of 220 and q?
20
Let y = -7 - -9. Calculate the highest common factor of 18 and y.
2
Let b = 53 - 31. What is the greatest common factor of b and 11?
11
Let i(q) = -q**2 + 10*q - 14. Let x be i(8). Suppose -x + 6 = -f, 2*w - 3*f = 300. What is the greatest common factor of w and 16?
16
Let s(d) = 7*d + 5. Let l be s(3). Let i be (-650)/4*(-4)/5. Suppose i = 2*x - 0*x. Calculate the greatest common factor of x and l.
13
Let y(h) = h**2 + 2. Let m be y(-7). What is the highest common divisor of m and 17?
17
Suppose 3*s + 340 = g + 3*g, 0 = -3*g + s + 260. Calculate the highest common factor of 11 and g.
11
Suppose 0 = -d + 4*y + 2 + 2, 0 = -2*d + 5*y + 8. Let g(x) = 7*x**2 - 2*x. Let w be g(d). What is the greatest common divisor of 13 and w?
13
Suppose -3*q = -c + 174 + 273, 3*c + 4*q - 1276 = 0. Calculate the greatest common divisor of c and 54.
54
Suppose 3*r - 2 = n + n, -n - 1 = -5*r. Suppose r = -5*l - 10, -l + 4*l - 218 = -4*d. Let w = -34 + d. What is the highest common factor of 33 and w?
11
Let w be 4/18 - 101/9. Let r = 7 + w. Let l be 1/(r/6)*-8. Calculate the greatest common divisor of 36 and l.
12
Suppose 4*r - f = 8*r - 193, -5*r + 4*f + 257 = 0. What is the highest common divisor of 14 and r?
7
Let f be (-4 - -14)*(0 - (-10)/4). Calculate the greatest common divisor of f and 5.
5
Let t(m) = m - 1. Let y be t(-3). Let z(k) = 4*k + 6. Let a be z(y). Let x be (a/4 + 2)*-10. What is the highest common factor of x and 10?
5
Let w(u) = -u - 4. Let m be (-2)/(-8) + 1/(-4). Let q be w(m). Let o = q + 67. Calculate the highest common factor of o and 7.
7
Suppose 3*m + 4*r - 66 = 0, 0 = -5*m + 3*r - 5 + 115. Suppose 2*f = 6*f - 132. Calculate the highest common divisor of m and f.
11
Let s(m) = 2*m**2 - 11*m. Let c(v) = -3*v**2 + 12*v. Let i(u) = 3*c(u) + 4*s(u). Let w be i(-6). What is the highest common factor of w and 4?
4
Suppose 0 = d + d - 4. Suppose d*b - 880 = 3*k, b - 5*k - 880 = -b. Suppose o = -o + b. Calculate the greatest common divisor of o and 20.
20
Let y(q) = q**3 + 6*q**2 + 2. Let w be y(-7). Let i = -110 + -69. Let m = w - i. Calcula